9
Suppose 7*i - 924 = -98. Let l = i + -26. What is the units digit of l?
2
Let t(i) = -2*i**3 + 19*i**2 + 37*i - 8. Let x be t(11). What is the hundreds digit of 10540/x + (-18)/(-81) - 4?
2
Let d = -209 - -187. Let k(q) = -26*q + 107. What is the tens digit of k(d)?
7
Suppose -4*n - 12 = d + 6, -4*n - 20 = 0. Suppose 0 = -7*o - d*o + 3069. What is the tens digit of o?
4
Suppose -4*y - 5*h + 48 = -166, 0 = y - 2*h - 60. Let t = -52 + y. What is the tens digit of ((-8)/(-10))/(5/(2850/t))?
1
Let c(h) = h**3 + 9*h**2 + 10*h + 16. Let y be c(-6). Let w = y - 64. Suppose -2*r - 5*g + 48 + 111 = w, -r = -3*g - 85. What is the units digit of r?
2
Let z = 13347 - 4701. What is the units digit of z?
6
Suppose 16132 = 5*n + 3972. Suppose -17*v - n = -33*v. What is the hundreds digit of v?
1
Let r = 14 - 9. Let m be (-26)/65 - 8/r. What is the units digit of (-2 - (-2 + -2))/(m/(-56))?
6
Suppose s - 4*y - 2 = 0, -5 = 4*s - 5*y - 2. Let k be 6/15*(s - 188). Let l = k + 168. What is the tens digit of l?
9
Let o = 214 - 205. What is the hundreds digit of ((-8)/6)/(3*o/(-4131))?
2
Let o = 219050 + -144860. What is the tens digit of o?
9
Suppose 847 = 13*y + 2680. What is the thousands digit of (-1 - 0)*11*(-8 + y)?
1
What is the hundreds digit of 295710/12 - (-246)/(-164)?
6
Let o be 60/(-390) + 30/26. Let s be (0 - 2)*o*8/(-4). What is the units digit of (17/s - 4/16) + 50?
4
Suppose 7*a - 9251 - 906 = 0. Let o = a - 589. What is the tens digit of o?
6
Suppose 75*p + 120509 - 384509 = 0. What is the thousands digit of p?
3
Suppose 18*j = 16902 + 29340. Let q = j - 1131. What is the tens digit of q?
3
Suppose 11*l - 20*l + 6228 = 0. Let c = l + 68. What is the tens digit of c?
6
Let t = 101 - 98. Let i be 2*(-2 + t) - 2. Suppose -z - 631 = -4*m, -z + 1 = -i. What is the tens digit of m?
5
Suppose 21*d - 710 = 12683 + 19178. What is the hundreds digit of d?
5
Suppose 6*q - 5*q = 4*t + 20, 3*t = -q - 8. What is the tens digit of q/14 + (-17303)/(-77)?
2
Let f = 14291 - -8992. What is the ten thousands digit of f?
2
Let m = 96524 - 59540. What is the hundreds digit of m?
9
Suppose -34*z = -28*z - 162. What is the hundreds digit of z/(-72) - (-4675)/8?
5
Let b(s) = -s**2 + 10*s + 11. Let h be b(11). Suppose a = 2*u + 6, h*u + 3 = -u. Suppose 0 = -2*t + 8, -y = -a*y - 3*t - 28. What is the tens digit of y?
4
Suppose 2*c + 21*c - 69 = 0. What is the units digit of 4/(-12) + 766/c?
5
Suppose 9 = 3*n, 9*u - 12*u + 138 = 5*n. Suppose u - 5 = 2*l. What is the units digit of l?
8
Suppose 3*l = n - 0*n, -n + 4 = l. Let a(c) = 218*c**2 - 4*c + 4. What is the hundreds digit of a(l)?
2
Suppose 4*r = -4*o + 38445 - 8173, r = 3*o + 7560. What is the hundreds digit of r?
5
Suppose -2*j = 16*j - 162. Let h = 34 - j. What is the units digit of h?
5
Suppose 25*s = 37*s - 24. What is the units digit of s/(-18) + (-27940)/(-198)?
1
Suppose -5*p + 2*p = -3*t - 372, p - 3*t = 132. Let n = -19 + p. Suppose 4*g - 191 = n. What is the units digit of g?
3
Let n be 3*1/6*(-63 - -29). Let w(z) = 18*z**2 + 246*z - 18. What is the hundreds digit of w(n)?
0
Let j be (-2)/(-6)*(-9180)/(-4). Let t = j + -82. What is the hundreds digit of t?
6
Let p(m) = m**2 + 18*m + 26. Let i be p(-27). Suppose -q - i = -744. What is the units digit of q?
5
Let t = 1684 - -15144. What is the thousands digit of t?
6
Suppose 3*g + 2*x - 3887 = 0, -g + 3*x - x + 1309 = 0. Let c = -418 + g. What is the hundreds digit of c?
8
What is the thousands digit of (3/30*8 - (-45)/225) + 24493?
4
Suppose 809 = -5*k + 2609. Suppose 0 = v + 5*v - k. Suppose 5*z + g = v, -5*z + 2*g = -0*g - 60. What is the units digit of z?
2
Let o(i) = 3851*i**2 - 10*i + 11. What is the thousands digit of o(-2)?
5
Suppose 0 = 19*m - 4677 - 1593. Suppose 1460 = 2*w + m. What is the units digit of w?
5
Let x(j) = -5*j**3 - 3. Let o = 301 + -304. What is the units digit of x(o)?
2
Let j(s) = 1189*s**2 + 10*s + 3. Let u be j(-1). Suppose -8*q = -u - 266. What is the units digit of q?
1
Let y(w) = 7296*w**2 - 14*w + 10. What is the thousands digit of y(1)?
7
What is the tens digit of (8/(-12))/(-9*(-32)/(-11174544))?
6
Suppose -10*p = -0*p - 190. Suppose -p*f = -8336 - 7947. What is the tens digit of f?
5
Let g(p) = p**3 + 4*p**2 - 4*p - 10. Let z be g(-4). Suppose z - 4 = q. Suppose 2*l - 108 = q*m, 1 = 5*m - 9. What is the tens digit of l?
5
Suppose 1384 = 86*l - 82*l. Let f = -115 + l. What is the units digit of f?
1
Let z(h) = 723*h + 129. What is the units digit of z(5)?
4
Let y(v) = v**3 + 7*v**2 + 5*v - 3. Let b be y(-4). Suppose b = -6*s + 11*s. Suppose 0 = -2*n - 4, -s*n - 278 = -4*r - 0*n. What is the tens digit of r?
6
What is the tens digit of ((-440)/77)/((-8)/532)?
8
What is the units digit of 823818/22 - (-78)/(-286)?
6
Suppose -2294 = 24*x + 13*x. Let z = 661 + x. What is the units digit of z?
9
Let w = -7971 - -13753. What is the hundreds digit of w?
7
Suppose 4559 = -39*f - 1369. What is the hundreds digit of (-1931)/(-4) - 38/f?
4
What is the units digit of -1 - (-248754)/8 - 2965/2372?
2
Let y(m) = -m**2 - 10*m - 13. Let a = 16 - 24. Let h be y(a). Suppose -h*k - 53 = -4*k. What is the units digit of k?
3
Suppose -4*s + 239027 = 2*u + 36271, 0 = -s - 3*u + 50709. What is the hundreds digit of s?
6
Let g(d) = -d**3 + 24*d**2 + 54*d - 2. Let a be g(26). Suppose -4*b - b = 150. Let l = a - b. What is the tens digit of l?
8
Suppose 10 = 135*l - 125*l. What is the units digit of (2 + l - 108/(-27))*121?
7
Suppose -12*u + 6*u = -870. Suppose 0 = -u*a + 149*a - 2864. What is the units digit of a?
6
Suppose q = -11*q - 10*q + 313280. What is the hundreds digit of q?
2
Suppose 0 = -4*z - 353 - 7. Let f = 96 + z. Suppose f*n - 11*n + 925 = 0. What is the hundreds digit of n?
1
Suppose h + 2*s - 8 = 0, -2 = -3*h + 2*s - 18. What is the hundreds digit of (91884/(-33))/h - (-12)/(-66)?
3
Suppose -400 = -159*n + 151*n. What is the tens digit of n?
5
Suppose -1960 - 5905 = 11*p. Let r = -425 - p. What is the units digit of r?
0
Let h(r) = 76*r**2 - 31*r - 7. Let y be 1 + -2 + 0 + (-14 - -18). What is the hundreds digit of h(y)?
5
Suppose 149*y = 334336 + 374302 + 307095. What is the thousands digit of y?
6
Let j be 11 + (24/20)/((-7)/(-35)). Suppose 19*b = 3*p + j*b - 2340, b + 2343 = 3*p. What is the units digit of p?
2
Suppose 9*k = 16*k - 175. Let h = 37 - k. What is the tens digit of 21*40/h - 4?
6
What is the thousands digit of (-1)/((-50)/4) - 120702177/(-24975)?
4
What is the ten thousands digit of 48/8 - -39*(4172/6 - -4)?
2
Let m be (-178)/(-26) - ((-18)/39)/3. Let i be -5 + m/2 - 751/(-2). Let a = i - 208. What is the tens digit of a?
6
Let p be (-470)/(-60) - (-2 + (-33)/(-18)). Suppose -5*h = -p*h + 9. Suppose 5*r + h*k = 1193, -3 = k - 4*k. What is the units digit of r?
8
Let n = 13937 - 5704. What is the tens digit of n?
3
Let j(a) = -40*a**3 - 3*a**2 - a - 4. Let v be j(-2). What is the tens digit of 36/v - 31276/(-34)?
2
Suppose -94*p + 2 = -93*p. Suppose -2*h + p*i = -0*i - 314, h - 160 = 4*i. What is the hundreds digit of h?
1
Suppose 2*g - 36*g + 112697 + 221863 = 0. What is the units digit of g?
0
Suppose 0 = 95*m - 96*m + 12. Suppose m*l + 1068 = 4584. What is the tens digit of l?
9
Suppose 5*m + 6042 - 1497 = 5*t, -5*m = -2*t + 1815. Let f = t - 607. What is the tens digit of f?
0
Let s = -16762 - -20773. What is the tens digit of s?
1
Suppose -2*y - 14880 = -2*b, 16*y = -3*b + 15*y + 22352. What is the thousands digit of b?
7
Let v(q) = 3*q**3 - 3*q**2 + q - 2. Let t be v(2). Let j be (-1 + 16/t)*6. Suppose -507 + 127 = -j*m. What is the hundreds digit of m?
1
Let c = 1527 - -5567. What is the units digit of c?
4
Let w(o) = -435*o + 147. What is the tens digit of w(-5)?
2
Let t(w) = -4*w - 85. Let d be t(-15). What is the units digit of -5*95/d*40?
0
Let y(n) = -n**2 + 3*n - 4. Let c be y(3). Let h be 36/(-2)*c/12. Suppose 8*p = h*p + 54. What is the tens digit of p?
2
Suppose 142*k + 340856 = 967076. What is the tens digit of k?
1
Suppose -16*p + j = -11*p - 123710, 5*p - 2*j - 123710 = 0. What is the units digit of p?
2
Let m be (-2)/(-15) - (-1064)/120. Suppose m*u - 40*u = -19840. What is the tens digit of u?
4
Let z = 368 - -835. Suppose 0 = -3*d - 0*d + z. What is the units digit of d?
1
Suppose 0 = -6*t +